mon factor of t and 85?
17
Let n(u) = -32*u**3 - u**2 + 1. Let c be n(-1). Let v be 3/(6/8 + 0). Let l be (-4)/16 - (-33)/v. What is the greatest common divisor of l and c?
8
Let i = -15 + 33. Suppose -u - 4 = -0, 5*u - 52 = -4*a. Let v = -9 + a. Calculate the greatest common divisor of i and v.
9
Suppose 0*l - l - 610 = 0. Let t be 4/(-6) - l/15. What is the greatest common divisor of 16 and t?
8
Let h = 88 + -81. What is the highest common factor of 63 and h?
7
Let a = -43 - -51. Calculate the highest common divisor of a and 16.
8
Let x = 38 - 32. Calculate the highest common divisor of 3 and x.
3
Let h be 3 - 324/(-8)*2. Suppose 5*c - 8*c + h = 0. Calculate the greatest common divisor of 7 and c.
7
Let y(t) = 8*t**2 - 2*t - t**2 - 3*t - t**3. Let x = -29 - -34. Let a be y(x). What is the highest common divisor of 10 and a?
5
Let q(y) = y + 17. Let l be q(-11). Suppose -4*n + 68 = -100. What is the highest common divisor of l and n?
6
Let l(z) = -z**3 + 4*z**2 + 7*z - 3. Let i be l(5). Suppose 3*g - 3*n = 72, g = -0*n - n + 18. Calculate the highest common factor of g and i.
7
Let c = -158 + 295. Let i = 249 - c. What is the greatest common factor of i and 14?
14
Suppose 5*j - 229 = -0*j - i, 4*j - 5*i = 160. Calculate the greatest common factor of 30 and j.
15
Let x be ((-6)/(-9) + -1)*6. Let w be (6 - -15) + x/(-2). Calculate the highest common divisor of w and 110.
22
Let m = -166 + 254. Suppose -5*i = -25 - 15. What is the highest common divisor of i and m?
8
Suppose 0*l - 80 = -2*c + 2*l, c + 3*l = 24. What is the greatest common divisor of c and 180?
36
Suppose -1 = 4*v - 13. Let r(h) = 0*h + h - 7*h**3 - 4*h + 6*h**v. Let j be r(-3). Calculate the highest common divisor of j and 4.
4
Let j be (24/(-2 - -5))/(2/3). Calculate the highest common factor of j and 30.
6
Suppose 193 = 5*z + 4*r - 502, 2*z - r = 291. Let d = 213 - z. Let n(b) = -2*b + 4. Let j be n(-3). What is the highest common divisor of j and d?
10
Let g = 36 - 35. What is the highest common divisor of g and 3?
1
Let c(l) = -l**3 - 8*l**2 - 7*l + 5. Let k be c(-7). Suppose -k*j - 16 = -76. What is the highest common divisor of j and 60?
12
Let p be (6/(-15))/((-1)/35). What is the highest common factor of 2 and p?
2
Let m(b) = -13*b - 5. Let z be m(-5). Let t = z - 28. Let d = t + -21. What is the greatest common divisor of 77 and d?
11
Let z be (1 - 16)*(-6)/9. Let h = -88 - -128. What is the greatest common factor of h and z?
10
Let v = -2 - -11. Suppose -5*m + v = -21. What is the greatest common divisor of m and 36?
6
Suppose 466 = 3*t - 2*t. Suppose 2*s - 505 + 74 = -3*u, -3*u = -5*s - t. What is the greatest common factor of u and 21?
21
Let r = 7 - 3. Let k = -4 + r. Suppose k = 2*l - 8 - 2. What is the greatest common divisor of 5 and l?
5
Suppose -7*n = -12*n + 75. Calculate the highest common divisor of n and 6.
3
Let n be (-20)/6*(-12)/5. Let d = 5 - n. Let j be 2/6*(24 - d). Calculate the highest common factor of j and 81.
9
Let m(t) = -t**3 + 17*t**2 + 27*t - 9. Let q be m(18). Calculate the greatest common divisor of q and 17.
17
Let i = -127 - -379. What is the greatest common divisor of 28 and i?
28
Suppose -k = -108 + 27. What is the highest common divisor of 54 and k?
27
Let k be ((-98)/(-21))/(6/369). What is the greatest common divisor of 41 and k?
41
Let v(a) = -a**3 - 4*a**2 - 9*a - 5. Let u be v(-3). Calculate the greatest common factor of u and 65.
13
Let g(m) = -15*m - 1. Let k be g(-1). What is the highest common divisor of k and 154?
14
Suppose -196 = -7*u + 5*u. Calculate the greatest common factor of 14 and u.
14
Let g = 65 + -43. What is the highest common factor of g and 110?
22
Let x be (1 - -1)/2 + 8. Let f(o) = -2*o**3 - o**2 + o + 1. Let g be f(-1). What is the highest common factor of g and x?
1
Suppose -4*f + 4*p + 31 = -f, -2*f = -5*p - 30. What is the highest common divisor of f and 5?
5
Suppose 0 = -0*i + 5*i - 75. Suppose 2*c + i = 5*c. Suppose -5*p - 20 = -2*k, -c*k + 3*k = p - 32. Calculate the greatest common factor of k and 15.
15
Let c = 55 - 32. Suppose 0 = 3*j + 9, 3*q - 10*j = -15*j + 54. Calculate the greatest common divisor of q and c.
23
Suppose 5*d - 4*u - 68 = -22, -2*u - 8 = 0. Let h be 85/15 - (-2)/d. What is the highest common factor of h and 48?
6
Let r(s) = 53*s**3 + s**2 + 2*s - 2. Let u be r(1). Calculate the greatest common divisor of u and 6.
6
Let k(s) = 9*s**2 - 5*s + 4. Suppose 0 = 2*p + 4 - 10. Let d be k(p). What is the greatest common factor of 14 and d?
14
Let i(o) = o**3 + o**2 + 2*o - 3. Let h be i(4). Let s = 45 + -28. Calculate the greatest common factor of s and h.
17
Suppose 7*i - 4 = 6*i. Calculate the highest common divisor of i and 6.
2
Let n(z) = -z + 3. Let l be n(-2). What is the greatest common divisor of 20 and l?
5
Let u = -4 + 7. Let g = u + 0. What is the highest common factor of g and 21?
3
Let u(i) = -8*i + 9. Let t = 0 - 7. Let b be u(t). What is the greatest common factor of 26 and b?
13
Let r be (-3)/(-2) + 1/(-2). Suppose 2 = u, 0 = -5*q + 4*u + u + 5. Calculate the highest common divisor of q and r.
1
Suppose 2*t - 4*c - 326 = 0, -4*c = 3*t - 4*t + 173. What is the greatest common divisor of t and 17?
17
Suppose 98 = y + 2*r - 79, -3*r = 4*y - 693. Suppose 0 = 4*n + 5*b - y + 7, -5*b = 2*n - 92. What is the highest common factor of n and 90?
18
Let g be (-28 + 0/(-2))*-2. Suppose 2*f + y = 34, -5*f + 85 = -y + 4*y. Let p = f - 9. What is the greatest common factor of p and g?
8
Let k(u) = u + 3. Let j be k(-10). Let w be 2/j + (-228)/(-14). Calculate the highest common divisor of w and 48.
16
Suppose s - 2 = 3. Let h be 16/s - 1/5. Suppose p + 4*q - 115 = -4*p, -2*p = -h*q - 69. What is the highest common factor of p and 3?
3
Let t be -2 + (-48)/(-18) + (-58)/(-3). Suppose -2*g + 62 = -g - 2*m, 2*g - 123 = 3*m. Calculate the highest common divisor of g and t.
20
Suppose -3*t = 5*p - 91, 0 = 3*p + 3*t - t - 54. Let a be 44 + (2 - (-16)/4). What is the highest common divisor of a and p?
10
Let p(n) = -4*n + 15. Let w be p(-12). Suppose -v + 18 = -3*h, -2*v + 41 - 1 = -2*h. What is the highest common factor of w and v?
21
Let c(k) = k**2 - 3*k. Let x be c(-5). Suppose -70*f = -73*f + 12. What is the greatest common factor of x and f?
4
Suppose 48*u + 34 = 50*u. What is the highest common divisor of 34 and u?
17
Let u be (1/(-2))/((-2)/(-8)). Let s be -33*(u - 10/(-6)). Suppose -2*y + 3*y - 44 = 0. Calculate the greatest common divisor of s and y.
11
Let w(j) = -j**3 + 6*j**2 + 4*j + 3. Let k be w(5). Suppose -5*s + 4 = -11. Let r be s/(-4) - (-54)/8. Calculate the highest common divisor of k and r.
6
Suppose -4*g = 4*x - 744, 3*x - 656 = 5*g - 82. Suppose -l = 3*n - x, -4*l = -2*n - 401 - 295. What is the greatest common factor of l and 16?
16
Suppose -4*j + 2*v + 22 = 0, 0 = -2*v - 2*v + 12. Let s = 1 + j. Calculate the greatest common divisor of 16 and s.
8
Suppose 0 = 6*p - 2*p - 20. Let q be 4/20 + 139/p. What is the highest common divisor of q and 4?
4
Let m be 17/(-4) - 1/(-4). Let d be 8/(2*(-2)/m). Let g be (d/3)/((-1)/(-45)). Calculate the highest common factor of 15 and g.
15
Suppose 5*a - 43 = a + v, -2*a + 21 = -v. What is the highest common divisor of a and 33?
11
Let l be 2/(-6) + (-28)/(-12). Suppose 4*a - 8 = k + 12, l*k + 16 = 4*a. What is the greatest common divisor of 4 and a?
2
Suppose 17*l + 55 = 22*l. What is the greatest common divisor of 176 and l?
11
Let h = 161 - 150. Calculate the highest common divisor of 2 and h.
1
Let z(p) = p**3 + 4*p**2 - p - 1. Let g be z(-4). Calculate the greatest common factor of 24 and g.
3
Suppose 0 = -5*u - 4 + 39. Calculate the highest common factor of 77 and u.
7
Let r(o) = -o**3 - 9*o**2 + 9*o + 5. Let c be r(-10). Suppose 4*h - 3*h - 90 = 0. Calculate the highest common factor of c and h.
15
Suppose -2*z + 3*z = -2*b - 7, -5*z + 1 = b. Suppose 0 = -i + 7 + z. What is the greatest common factor of 4 and i?
4
Let f(n) = -n**2 - 18*n. Let l be f(-13). Calculate the highest common divisor of l and 13.
13
Let s = -104 - -67. Let b = s - -81. What is the greatest common divisor of b and 11?
11
Suppose -1042 = -15*t + 983. What is the highest common divisor of t and 15?
15
Let t = 110 + -89. What is the highest common divisor